{"id":552,"date":"2021-05-19T11:11:20","date_gmt":"2021-05-19T11:11:20","guid":{"rendered":"https:\/\/www.industriasfeu.es\/quality\/"},"modified":"2025-05-23T10:03:34","modified_gmt":"2025-05-23T10:03:34","slug":"qualitat","status":"publish","type":"page","link":"https:\/\/www.industriasfeu.es\/ca\/qualitat\/","title":{"rendered":"Qualitat"},"content":{"rendered":"<section class=\"section  text-normal section-text-no-shadow section-inner-no-shadow section-normal section-opaque\"  >\n    \n    <div class=\"background-overlay grid-overlay-0 \" style=\"background-color: rgba(0,0,0,0);\"><\/div>\n\n    <div class=\"container-fullwidth container-vertical-default\">\n        <div class=\"row vertical-default\">\n            <div class=\"col-md-12     text-default small-screen-default\"  >[rev_slider_vc alias=&#8221;slider-9-1-1&#8243;]<\/div>        <\/div>\n    <\/div>\n<\/section>\n<section class=\"section  text-normal section-text-no-shadow section-inner-no-shadow section-normal section-opaque\"  >\n    \n    <div class=\"background-overlay grid-overlay-0 \" style=\"background-color: rgba(0,0,0,0);\"><\/div>\n\n    <div class=\"container container-vertical-default\">\n        <div class=\"row vertical-default\">\n            <div class=\"col-md-12     text-default small-screen-default\"  ><h1 class=\"text-center  element-top-50 element-bottom-0 text-normal os-animation big default\" data-os-animation=\"fadeIn\" data-os-animation-delay=\"0s\" >\n    POL\u00cdTICA DE QUALITAT<\/h1><div class=\"divider-border  divider-border-center element-top-10 element-bottom-10 os-animation\" data-os-animation=\"fadeIn\" data-os-animation-delay=\"0.1s\"  style=\"height:3px;\">\n    <div class=\"divider-border-inner\"  style=\"width:60px;\"><\/div>\n<\/div><p class=\"lead text-center center  text-normal element-top-20 element-bottom-40 os-animation \" data-os-animation=\"fadeIn\" data-os-animation-delay=\"0.2s\"><strong>Industrias FEU S.L.<\/strong>, organitzaci\u00f3 dedicada a la fabricaci\u00f3 de peces de recanvi per a la suspensi\u00f3 de vehicles industrials, ha decidit implantar un sistema de gesti\u00f3 de la qualitat basat en la norma ISO 9001 per millorar el servei que presta als seus clients.<\/p><p class=\"lead text-center center  text-normal element-top-20 element-bottom-40 os-animation \" data-os-animation=\"fadeIn\" data-os-animation-delay=\"0.2s\">La Direcci\u00f3 d&#8217;<strong>Industrias FEU S.L.<\/strong> enfoca el sistema de la qualitat com una manera d&#8217;organitzar el funcionament d&#8217;<strong>Industrias FEU S.L.<\/strong> partint d&#8217;uns pilars b\u00e0sics com s\u00f3n la qualitat dels seus productes, la satisfacci\u00f3 del client i la millora cont\u00ednua de l&#8217;efic\u00e0cia del sistema. Per aix\u00f2, el Sistema de Gesti\u00f3 de la Qualitat d&#8217;<strong>Industrias FEU S.L.<\/strong> es basa en:<\/p><\/div>        <\/div>\n    <\/div>\n<\/section>\n<section class=\"section  text-normal section-text-no-shadow section-inner-no-shadow section-normal section-opaque\"  >\n    \n    <div class=\"background-overlay grid-overlay-0 \" style=\"background-color: rgba(0,0,0,0);\"><\/div>\n\n    <div class=\"container container-vertical-default\">\n        <div class=\"row vertical-default\">\n            <div class=\"col-md-2     text-default small-screen-default\"  ><\/div><div class=\"col-md-8     text-default small-screen-default\"  ><ul class=\"features-list  text-normal element-top-20 element-bottom-20 os-animation\" data-os-animation=\"fadeIn\" data-os-animation-delay=\"0s\">\n    <li class=\" element-top-20 element-bottom-20\"  data-os-animation=\"none\" data-os-animation-delay=\"0s\">\n            <div class=\"features-list-icon box-animate\" data-animation=\" \">\n            <i class=\"icon-check\" style=\"color:#366fca;\"><\/i>\n        <\/div>\n        <h3>\n            <\/h3>\n    <p>\n        La qualitat i la millora s\u00f3n responsabilitat de tots els integrants d&#8217;ind\u00fastries FEU S.L. comen\u00e7ant des de dalt.    <\/p>\n<\/li><li class=\" element-top-20 element-bottom-20\"  data-os-animation=\"none\" data-os-animation-delay=\"0s\">\n            <div class=\"features-list-icon box-animate\" data-animation=\" \">\n            <i class=\"icon-check\" style=\"color:#366fca;\"><\/i>\n        <\/div>\n        <h3>\n            <\/h3>\n    <p>\n        La Qualitat s\u201fobt\u00e9 planificant, executant, revisant i millorant el Sistema de Gesti\u00f3, tenint present en tot moment el context de l\u201forganitzaci\u00f3, tant intern com extern.    <\/p>\n<\/li><li class=\" element-top-20 element-bottom-20\"  data-os-animation=\"none\" data-os-animation-delay=\"0s\">\n            <div class=\"features-list-icon box-animate\" data-animation=\" \">\n            <i class=\"icon-check\" style=\"color:#366fca;\"><\/i>\n        <\/div>\n        <h3>\n            <\/h3>\n    <p>\n        La Qualitat est\u00e0 orientada cap a la Satisfacci\u00f3 de tots els nostres clients (i parts interessades), mitjan\u00e7ant el comprom\u00eds de tota l&#8217;organitzaci\u00f3 a complir les seves necessitats i els seus requisits, aix\u00ed com els requisits legals i reglamentaris i els propis dels productes.    <\/p>\n<\/li><li class=\" element-top-20 element-bottom-20\"  data-os-animation=\"none\" data-os-animation-delay=\"0s\">\n            <div class=\"features-list-icon box-animate\" data-animation=\" \">\n            <i class=\"icon-check\" style=\"color:#366fca;\"><\/i>\n        <\/div>\n        <h3>\n            <\/h3>\n    <p>\n        La qualitat es recolza en la millora cont\u00ednua tant dels processos productius i de prestaci\u00f3 del servei, com de l&#8217;efic\u00e0cia del sistema de gesti\u00f3 de la qualitat en qu\u00e8 prevenir els errors sigui un aspecte fonamental.    <\/p>\n<\/li><li class=\" element-top-20 element-bottom-20\"  data-os-animation=\"none\" data-os-animation-delay=\"0s\">\n            <div class=\"features-list-icon box-animate\" data-animation=\" \">\n            <i class=\"icon-check\" style=\"color:#366fca;\"><\/i>\n        <\/div>\n        <h3>\n            <\/h3>\n    <p>\n        La Qualitat ens adre\u00e7a a prestar la m\u00e0xima atenci\u00f3 al\u201fevoluci\u00f3 tecnol\u00f2gica ia les possibles millores que les noves tecnologies posessin a la nostra disposici\u00f3.    <\/p>\n<\/li><li class=\" element-top-20 element-bottom-20\"  data-os-animation=\"none\" data-os-animation-delay=\"0s\">\n            <div class=\"features-list-icon box-animate\" data-animation=\" \">\n            <i class=\"icon-check\" style=\"color:#366fca;\"><\/i>\n        <\/div>\n        <h3>\n            <\/h3>\n    <p>\n        La Qualitat requereix de la participaci\u00f3 i col\u00b7laboraci\u00f3 de tots, per aix\u00f2 aquesta Pol\u00edtica \u00e9s difosa a tot el personal d&#8217;Ind\u00fastries FEU S.L. perqu\u00e8 en prengueu coneixement i comprensi\u00f3.    <\/p>\n<\/li><li class=\" element-top-20 element-bottom-20\"  data-os-animation=\"none\" data-os-animation-delay=\"0s\">\n            <div class=\"features-list-icon box-animate\" data-animation=\" \">\n            <i class=\"icon-check\" style=\"color:#366fca;\"><\/i>\n        <\/div>\n        <h3>\n            <\/h3>\n    <p>\n        L&#8217;alta direcci\u00f3 es compromet a integrar la sostenibilitat amb l&#8217;estrat\u00e8gia empresarial, establint objectius clars i determinant opcions relacionades amb l&#8217;exercici ambiental.    <\/p>\n<\/li><\/ul><div class=\"col-text-1 text-normal  element-top-20 element-bottom-20\" data-os-animation=\"none\" data-os-animation-delay=\"0s\">\n    <p><span class=\"HwtZe\" lang=\"ca\"><span class=\"jCAhz ChMk0b\"><span class=\"ryNqvb\">Per a l&#8217;aplicaci\u00f3 efectiva d&#8217;aquests principis, \u00e9s absolutament necessari el suport tant d&#8217;equip directiu com de la plantilla.<\/span><\/span><\/span><\/p>\n<\/div>\n<div class=\"col-text-1 text-normal  element-top-20 element-bottom-20\" data-os-animation=\"none\" data-os-animation-delay=\"0s\">\n    <p style=\"text-align: right;\"><span class=\"HwtZe\" lang=\"ca\"><span class=\"jCAhz ChMk0b\"><span class=\"ryNqvb\">Direcci\u00f3<\/span><\/span><\/span><\/p>\n<p>&nbsp;<\/p>\n<p style=\"text-align: right;\"><span class=\"HwtZe\" lang=\"ca\"><span class=\"jCAhz ChMk0b\"><span class=\"ryNqvb\">Poliny\u00e0, 19 de maig de 2025<\/span><\/span><\/span><\/p>\n<\/div>\n<\/div><div class=\"col-md-2     text-default small-screen-default\"  ><\/div>        <\/div>\n    <\/div>\n<\/section>\n","protected":false},"excerpt":{"rendered":"[rev_slider_vc alias=\"slider-9-1-1\"] POL\u00cdTICA DE QUALITAT Industrias FEU S.L., organitzaci\u00f3 dedicada a la fabricaci\u00f3 de peces de recanvi per a la suspensi\u00f3 de vehicles industrials, ha decidit implantar un sistema de gesti\u00f3 de la qualitat basat en la norma ISO 9001 per millorar el servei que presta als seus clients.La Direcci\u00f3 d'Industrias FEU S.L. enfoca el","protected":false},"author":1,"featured_media":0,"parent":0,"menu_order":1,"comment_status":"closed","ping_status":"closed","template":"","meta":{"footnotes":""},"class_list":["post-552","page","type-page","status-publish","hentry"],"aioseo_notices":[],"_links":{"self":[{"href":"https:\/\/www.industriasfeu.es\/ca\/wp-json\/wp\/v2\/pages\/552","targetHints":{"allow":["GET"]}}],"collection":[{"href":"https:\/\/www.industriasfeu.es\/ca\/wp-json\/wp\/v2\/pages"}],"about":[{"href":"https:\/\/www.industriasfeu.es\/ca\/wp-json\/wp\/v2\/types\/page"}],"author":[{"embeddable":true,"href":"https:\/\/www.industriasfeu.es\/ca\/wp-json\/wp\/v2\/users\/1"}],"replies":[{"embeddable":true,"href":"https:\/\/www.industriasfeu.es\/ca\/wp-json\/wp\/v2\/comments?post=552"}],"version-history":[{"count":8,"href":"https:\/\/www.industriasfeu.es\/ca\/wp-json\/wp\/v2\/pages\/552\/revisions"}],"predecessor-version":[{"id":922,"href":"https:\/\/www.industriasfeu.es\/ca\/wp-json\/wp\/v2\/pages\/552\/revisions\/922"}],"wp:attachment":[{"href":"https:\/\/www.industriasfeu.es\/ca\/wp-json\/wp\/v2\/media?parent=552"}],"curies":[{"name":"wp","href":"https:\/\/api.w.org\/{rel}","templated":true}]}}

<section class="section  text-normal section-text-no-shadow section-inner-no-shadow section-normal section-opaque"  >
    
    <div class="background-overlay grid-overlay-0 " style="background-color: rgba(0,0,0,0);"></div>

    <div class="container-fullwidth container-vertical-default">
        <div class="row vertical-default">
            <div class="col-md-12     text-default small-screen-default"  >[rev_slider_vc alias=&#8221;slider-9-1-1&#8243;]</div>        </div>
    </div>
</section>
<section class="section  text-normal section-text-no-shadow section-inner-no-shadow section-normal section-opaque"  >
    
    <div class="background-overlay grid-overlay-0 " style="background-color: rgba(0,0,0,0);"></div>

    <div class="container container-vertical-default">
        <div class="row vertical-default">
            <div class="col-md-12     text-default small-screen-default"  ><h1 class="text-center  element-top-50 element-bottom-0 text-normal os-animation big default" data-os-animation="fadeIn" data-os-animation-delay="0s" >
    POLÍTICA DE QUALITAT</h1><div class="divider-border  divider-border-center element-top-10 element-bottom-10 os-animation" data-os-animation="fadeIn" data-os-animation-delay="0.1s"  style="height:3px;">
    <div class="divider-border-inner"  style="width:60px;"></div>
</div><p class="lead text-center center  text-normal element-top-20 element-bottom-40 os-animation " data-os-animation="fadeIn" data-os-animation-delay="0.2s"><strong>Industrias FEU S.L.</strong>, organització dedicada a la fabricació de peces de recanvi per a la suspensió de vehicles industrials, ha decidit implantar un sistema de gestió de la qualitat basat en la norma ISO 9001 per millorar el servei que presta als seus clients.</p><p class="lead text-center center  text-normal element-top-20 element-bottom-40 os-animation " data-os-animation="fadeIn" data-os-animation-delay="0.2s">La Direcció d&#8217;<strong>Industrias FEU S.L.</strong> enfoca el sistema de la qualitat com una manera d&#8217;organitzar el funcionament d&#8217;<strong>Industrias FEU S.L.</strong> partint d&#8217;uns pilars bàsics com són la qualitat dels seus productes, la satisfacció del client i la millora contínua de l&#8217;eficàcia del sistema. Per això, el Sistema de Gestió de la Qualitat d&#8217;<strong>Industrias FEU S.L.</strong> es basa en:</p></div>        </div>
    </div>
</section>
<section class="section  text-normal section-text-no-shadow section-inner-no-shadow section-normal section-opaque"  >
    
    <div class="background-overlay grid-overlay-0 " style="background-color: rgba(0,0,0,0);"></div>

    <div class="container container-vertical-default">
        <div class="row vertical-default">
            <div class="col-md-2     text-default small-screen-default"  ></div><div class="col-md-8     text-default small-screen-default"  ><ul class="features-list  text-normal element-top-20 element-bottom-20 os-animation" data-os-animation="fadeIn" data-os-animation-delay="0s">
    <li class=" element-top-20 element-bottom-20"  data-os-animation="none" data-os-animation-delay="0s">
            <div class="features-list-icon box-animate" data-animation=" ">
            <i class="icon-check" style="color:#366fca;"></i>
        </div>
        <h3>
            </h3>
    <p>
        La qualitat i la millora són responsabilitat de tots els integrants d&#8217;indústries FEU S.L. començant des de dalt.    </p>
</li><li class=" element-top-20 element-bottom-20"  data-os-animation="none" data-os-animation-delay="0s">
            <div class="features-list-icon box-animate" data-animation=" ">
            <i class="icon-check" style="color:#366fca;"></i>
        </div>
        <h3>
            </h3>
    <p>
        La Qualitat s‟obté planificant, executant, revisant i millorant el Sistema de Gestió, tenint present en tot moment el context de l‟organització, tant intern com extern.    </p>
</li><li class=" element-top-20 element-bottom-20"  data-os-animation="none" data-os-animation-delay="0s">
            <div class="features-list-icon box-animate" data-animation=" ">
            <i class="icon-check" style="color:#366fca;"></i>
        </div>
        <h3>
            </h3>
    <p>
        La Qualitat està orientada cap a la Satisfacció de tots els nostres clients (i parts interessades), mitjançant el compromís de tota l&#8217;organització a complir les seves necessitats i els seus requisits, així com els requisits legals i reglamentaris i els propis dels productes.    </p>
</li><li class=" element-top-20 element-bottom-20"  data-os-animation="none" data-os-animation-delay="0s">
            <div class="features-list-icon box-animate" data-animation=" ">
            <i class="icon-check" style="color:#366fca;"></i>
        </div>
        <h3>
            </h3>
    <p>
        La qualitat es recolza en la millora contínua tant dels processos productius i de prestació del servei, com de l&#8217;eficàcia del sistema de gestió de la qualitat en què prevenir els errors sigui un aspecte fonamental.    </p>
</li><li class=" element-top-20 element-bottom-20"  data-os-animation="none" data-os-animation-delay="0s">
            <div class="features-list-icon box-animate" data-animation=" ">
            <i class="icon-check" style="color:#366fca;"></i>
        </div>
        <h3>
            </h3>
    <p>
        La Qualitat ens adreça a prestar la màxima atenció al‟evolució tecnològica ia les possibles millores que les noves tecnologies posessin a la nostra disposició.    </p>
</li><li class=" element-top-20 element-bottom-20"  data-os-animation="none" data-os-animation-delay="0s">
            <div class="features-list-icon box-animate" data-animation=" ">
            <i class="icon-check" style="color:#366fca;"></i>
        </div>
        <h3>
            </h3>
    <p>
        La Qualitat requereix de la participació i col·laboració de tots, per això aquesta Política és difosa a tot el personal d&#8217;Indústries FEU S.L. perquè en prengueu coneixement i comprensió.    </p>
</li><li class=" element-top-20 element-bottom-20"  data-os-animation="none" data-os-animation-delay="0s">
            <div class="features-list-icon box-animate" data-animation=" ">
            <i class="icon-check" style="color:#366fca;"></i>
        </div>
        <h3>
            </h3>
    <p>
        L&#8217;alta direcció es compromet a integrar la sostenibilitat amb l&#8217;estratègia empresarial, establint objectius clars i determinant opcions relacionades amb l&#8217;exercici ambiental.    </p>
</li></ul><div class="col-text-1 text-normal  element-top-20 element-bottom-20" data-os-animation="none" data-os-animation-delay="0s">
    <p><span class="HwtZe" lang="ca"><span class="jCAhz ChMk0b"><span class="ryNqvb">Per a l&#8217;aplicació efectiva d&#8217;aquests principis, és absolutament necessari el suport tant d&#8217;equip directiu com de la plantilla.</span></span></span></p>
</div>
<div class="col-text-1 text-normal  element-top-20 element-bottom-20" data-os-animation="none" data-os-animation-delay="0s">
    <p style="text-align: right;"><span class="HwtZe" lang="ca"><span class="jCAhz ChMk0b"><span class="ryNqvb">Direcció</span></span></span></p>
<p>&nbsp;</p>
<p style="text-align: right;"><span class="HwtZe" lang="ca"><span class="jCAhz ChMk0b"><span class="ryNqvb">Polinyà, 19 de maig de 2025</span></span></span></p>
</div>
</div><div class="col-md-2     text-default small-screen-default"  ></div>        </div>
    </div>
</section>

[rev_slider_vc alias="slider-9-1-1"] POLÍTICA DE QUALITAT Industrias FEU S.L., organització dedicada a la fabricació de peces de recanvi per a la suspensió de vehicles industrials, ha decidit implantar un sistema de gestió de la qualitat basat en la norma ISO 9001 per millorar el servei que presta als seus clients.La Direcció d'Industrias FEU S.L. enfoca el
