{"id":546,"date":"2014-09-26T10:49:44","date_gmt":"2014-09-26T10:49:44","guid":{"rendered":"https:\/\/www.industriasfeu.es\/home\/"},"modified":"2023-09-22T07:47:46","modified_gmt":"2023-09-22T07:47:46","slug":"home","status":"publish","type":"page","link":"https:\/\/www.industriasfeu.es\/ca\/","title":{"rendered":"Inici"},"content":{"rendered":"<section class=\"section  text-normal section-text-no-shadow section-inner-no-shadow section-normal section-opaque\"  >\n    \n    <div class=\"background-overlay grid-overlay-0 \" style=\"background-color: rgba(0,0,0,0);\"><\/div>\n\n    <div class=\"container-fullwidth container-vertical-default\">\n        <div class=\"row vertical-default\">\n            <div class=\"col-md-12     text-default small-screen-default\"  >[rev_slider_vc alias=&#8221;slider-home&#8221;]<\/div>        <\/div>\n    <\/div>\n<\/section>\n<section class=\"section  text-normal section-text-no-shadow section-inner-no-shadow section-normal section-opaque\"  >\n    \n    <div class=\"background-overlay grid-overlay-0 \" style=\"background-color: rgba(0,0,0,0);\"><\/div>\n\n    <div class=\"container container-vertical-default\">\n        <div class=\"row vertical-default\">\n            <div class=\"col-md-12     text-default small-screen-default\"  ><h1 class=\"text-center  element-top-50 element-bottom-0 text-normal os-animation big default\" data-os-animation=\"fadeIn\" data-os-animation-delay=\"0s\" >\n    LA EMPRESA<\/h1><div class=\"divider-border  divider-border-center element-top-10 element-bottom-10 os-animation\" data-os-animation=\"fadeIn\" data-os-animation-delay=\"0.1s\"  style=\"height:3px;\">\n    <div class=\"divider-border-inner\"  style=\"width:60px;\"><\/div>\n<\/div><p class=\"lead text-center center  text-normal element-top-20 element-bottom-40 os-animation \" data-os-animation=\"fadeIn\" data-os-animation-delay=\"0.2s\">Industrias Feu S.L. \u00c9s una empresa amb m\u00e9s de 40 anys d&#8217;experi\u00e8ncia en el mercat de peces de recanvi per a la suspensi\u00f3 de vehicles industrials. Durant tots aquests anys hem adquirit l&#8217;experi\u00e8ncia necess\u00e0ria que ens permet oferir als nostres clients la m\u00e9s \u00e0mplia gamma de models amb la millor qualitat i rapidesa possible. Aix\u00f2 ens ha perm\u00e8s un reconeixement i una implantaci\u00f3 s\u00f2lida en el mercat nacional i internacional.<\/p>\n<p><\/p><\/div>        <\/div>\n    <\/div>\n<\/section>\n<section class=\"section  text-normal section-text-no-shadow section-inner-no-shadow section-normal section-opaque\"  >\n    \n    <div class=\"background-overlay grid-overlay-0 \" style=\"background-color: rgba(0,0,0,0);\"><\/div>\n\n    <div class=\"container container-vertical-default\">\n        <div class=\"row vertical-default\">\n            <div class=\"col-md-12     text-default small-screen-default\"  ><h1 class=\"text-center  element-top-50 element-bottom-0 text-normal os-animation big default\" data-os-animation=\"fadeIn\" data-os-animation-delay=\"0s\" >\n    ELS NOSTRES SERVEIS<\/h1><div class=\"divider-border  divider-border-center element-top-10 element-bottom-10 os-animation\" data-os-animation=\"fadeIn\" data-os-animation-delay=\"0.1s\"  style=\"height:3px;\">\n    <div class=\"divider-border-inner\"  style=\"width:60px;\"><\/div>\n<\/div><div class=\"list-container row  element-top-0 element-bottom-40 os-animation\" data-os-animation=\"fadeInUp\" data-os-animation-delay=\"0.1s\">\n<div class=\"col-md-4 text-normal element-top-0 element-bottom-20 text-center os-animation\" data-os-animation=\"fadeInUp\" data-os-animation-delay=\"0.1s\">\n                        <span class=\"service-simple-image\">\n                                                            <img loading=\"lazy\" decoding=\"async\" width=\"250\" height=\"250\" src=\"https:\/\/www.industriasfeu.es\/wp-content\/uploads\/2021\/05\/feu-calidad.png\" class=\"attachment-none-image size-none-image\" alt=\"QUALITAT\" srcset=\"https:\/\/www.industriasfeu.es\/wp-content\/uploads\/2021\/05\/feu-calidad.png 250w, https:\/\/www.industriasfeu.es\/wp-content\/uploads\/2021\/05\/feu-calidad-150x150.png 150w\" sizes=\"auto, (max-width: 250px) 100vw, 250px\" \/>                                                <\/span>\n                        <h2>\n                        QUALITAT                    <\/h2>\n                <p><\/p>\n        <\/div><div class=\"col-md-4 text-normal element-top-0 element-bottom-20 text-center os-animation\" data-os-animation=\"fadeInUp\" data-os-animation-delay=\"0.2s\">\n                        <span class=\"service-simple-image\">\n                                                            <img loading=\"lazy\" decoding=\"async\" width=\"250\" height=\"250\" src=\"https:\/\/www.industriasfeu.es\/wp-content\/uploads\/2021\/05\/truck-icons.png\" class=\"attachment-none-image size-none-image\" alt=\"\u00c0MPLIA GAMA DE RECANVIS\" srcset=\"https:\/\/www.industriasfeu.es\/wp-content\/uploads\/2021\/05\/truck-icons.png 250w, https:\/\/www.industriasfeu.es\/wp-content\/uploads\/2021\/05\/truck-icons-150x150.png 150w\" sizes=\"auto, (max-width: 250px) 100vw, 250px\" \/>                                                <\/span>\n                        <h2>\n                        \u00c0MPLIA GAMA DE RECANVIS                    <\/h2>\n                <p><\/p>\n        <\/div><div class=\"col-md-4 text-normal element-top-0 element-bottom-20 text-center os-animation\" data-os-animation=\"fadeInUp\" data-os-animation-delay=\"0.3s\">\n                        <span class=\"service-simple-image\">\n                                                            <img loading=\"lazy\" decoding=\"async\" width=\"250\" height=\"250\" src=\"https:\/\/www.industriasfeu.es\/wp-content\/uploads\/2021\/05\/feu-experiencia.png\" class=\"attachment-none-image size-none-image\" alt=\"EXPERI\u00c8NCIA\" srcset=\"https:\/\/www.industriasfeu.es\/wp-content\/uploads\/2021\/05\/feu-experiencia.png 250w, https:\/\/www.industriasfeu.es\/wp-content\/uploads\/2021\/05\/feu-experiencia-150x150.png 150w\" sizes=\"auto, (max-width: 250px) 100vw, 250px\" \/>                                                <\/span>\n                        <h2>\n                        EXPERI\u00c8NCIA                    <\/h2>\n                <p><\/p>\n        <\/div><\/div><p class=\"lead text-center center  text-normal element-top-0 element-bottom-30 os-animation \" data-os-animation=\"fadeIn\" data-os-animation-delay=\"0.2s\">Som especialistes en la distribuci\u00f3 d&#8217;accessoris per a la suspensi\u00f3 de vehicles industrials adaptables a: <strong> MERCEDES, VOLVO, MAN, SCANIA, BPW, ROR, DAF, IVECO, RVI, SCHMITZ, Fruehauf, Kogel, TRAILOR, LECI\u00d1ENA, SAF, Lecitrailer <\/strong><\/p><p class=\"lead text-center center  text-normal element-top-0 element-bottom-40 os-animation \" data-os-animation=\"fadeIn\" data-os-animation-delay=\"0.2s\">Fabricaci\u00f3 de recanvis per la suspensi\u00f3 de veh\u00edcles industrials. Abarcons,Abra\u00e7aderes,&#8230;<\/p><\/div>        <\/div>\n    <\/div>\n<\/section>\n","protected":false},"excerpt":{"rendered":"","protected":false},"author":1,"featured_media":0,"parent":0,"menu_order":0,"comment_status":"closed","ping_status":"open","template":"","meta":{"footnotes":""},"class_list":["post-546","page","type-page","status-publish","hentry"],"aioseo_notices":[],"_links":{"self":[{"href":"https:\/\/www.industriasfeu.es\/ca\/wp-json\/wp\/v2\/pages\/546","targetHints":{"allow":["GET"]}}],"collection":[{"href":"https:\/\/www.industriasfeu.es\/ca\/wp-json\/wp\/v2\/pages"}],"about":[{"href":"https:\/\/www.industriasfeu.es\/ca\/wp-json\/wp\/v2\/types\/page"}],"author":[{"embeddable":true,"href":"https:\/\/www.industriasfeu.es\/ca\/wp-json\/wp\/v2\/users\/1"}],"replies":[{"embeddable":true,"href":"https:\/\/www.industriasfeu.es\/ca\/wp-json\/wp\/v2\/comments?post=546"}],"version-history":[{"count":7,"href":"https:\/\/www.industriasfeu.es\/ca\/wp-json\/wp\/v2\/pages\/546\/revisions"}],"predecessor-version":[{"id":778,"href":"https:\/\/www.industriasfeu.es\/ca\/wp-json\/wp\/v2\/pages\/546\/revisions\/778"}],"wp:attachment":[{"href":"https:\/\/www.industriasfeu.es\/ca\/wp-json\/wp\/v2\/media?parent=546"}],"curies":[{"name":"wp","href":"https:\/\/api.w.org\/{rel}","templated":true}]}}

<section class="section  text-normal section-text-no-shadow section-inner-no-shadow section-normal section-opaque"  >
    
    <div class="background-overlay grid-overlay-0 " style="background-color: rgba(0,0,0,0);"></div>

    <div class="container-fullwidth container-vertical-default">
        <div class="row vertical-default">
            <div class="col-md-12     text-default small-screen-default"  >[rev_slider_vc alias=&#8221;slider-home&#8221;]</div>        </div>
    </div>
</section>
<section class="section  text-normal section-text-no-shadow section-inner-no-shadow section-normal section-opaque"  >
    
    <div class="background-overlay grid-overlay-0 " style="background-color: rgba(0,0,0,0);"></div>

    <div class="container container-vertical-default">
        <div class="row vertical-default">
            <div class="col-md-12     text-default small-screen-default"  ><h1 class="text-center  element-top-50 element-bottom-0 text-normal os-animation big default" data-os-animation="fadeIn" data-os-animation-delay="0s" >
    LA EMPRESA</h1><div class="divider-border  divider-border-center element-top-10 element-bottom-10 os-animation" data-os-animation="fadeIn" data-os-animation-delay="0.1s"  style="height:3px;">
    <div class="divider-border-inner"  style="width:60px;"></div>
</div><p class="lead text-center center  text-normal element-top-20 element-bottom-40 os-animation " data-os-animation="fadeIn" data-os-animation-delay="0.2s">Industrias Feu S.L. És una empresa amb més de 40 anys d&#8217;experiència en el mercat de peces de recanvi per a la suspensió de vehicles industrials. Durant tots aquests anys hem adquirit l&#8217;experiència necessària que ens permet oferir als nostres clients la més àmplia gamma de models amb la millor qualitat i rapidesa possible. Això ens ha permès un reconeixement i una implantació sòlida en el mercat nacional i internacional.</p>
<p></p></div>        </div>
    </div>
</section>
<section class="section  text-normal section-text-no-shadow section-inner-no-shadow section-normal section-opaque"  >
    
    <div class="background-overlay grid-overlay-0 " style="background-color: rgba(0,0,0,0);"></div>

    <div class="container container-vertical-default">
        <div class="row vertical-default">
            <div class="col-md-12     text-default small-screen-default"  ><h1 class="text-center  element-top-50 element-bottom-0 text-normal os-animation big default" data-os-animation="fadeIn" data-os-animation-delay="0s" >
    ELS NOSTRES SERVEIS</h1><div class="divider-border  divider-border-center element-top-10 element-bottom-10 os-animation" data-os-animation="fadeIn" data-os-animation-delay="0.1s"  style="height:3px;">
    <div class="divider-border-inner"  style="width:60px;"></div>
</div><div class="list-container row  element-top-0 element-bottom-40 os-animation" data-os-animation="fadeInUp" data-os-animation-delay="0.1s">
<div class="col-md-4 text-normal element-top-0 element-bottom-20 text-center os-animation" data-os-animation="fadeInUp" data-os-animation-delay="0.1s">
                        <span class="service-simple-image">
                                                            <img loading="lazy" decoding="async" width="250" height="250" src="https://www.industriasfeu.es/wp-content/uploads/2021/05/feu-calidad.png" class="attachment-none-image size-none-image" alt="QUALITAT" srcset="https://www.industriasfeu.es/wp-content/uploads/2021/05/feu-calidad.png 250w, https://www.industriasfeu.es/wp-content/uploads/2021/05/feu-calidad-150x150.png 150w" sizes="auto, (max-width: 250px) 100vw, 250px" />                                                </span>
                        <h2>
                        QUALITAT                    </h2>
                <p></p>
        </div><div class="col-md-4 text-normal element-top-0 element-bottom-20 text-center os-animation" data-os-animation="fadeInUp" data-os-animation-delay="0.2s">
                        <span class="service-simple-image">
                                                            <img loading="lazy" decoding="async" width="250" height="250" src="https://www.industriasfeu.es/wp-content/uploads/2021/05/truck-icons.png" class="attachment-none-image size-none-image" alt="ÀMPLIA GAMA DE RECANVIS" srcset="https://www.industriasfeu.es/wp-content/uploads/2021/05/truck-icons.png 250w, https://www.industriasfeu.es/wp-content/uploads/2021/05/truck-icons-150x150.png 150w" sizes="auto, (max-width: 250px) 100vw, 250px" />                                                </span>
                        <h2>
                        ÀMPLIA GAMA DE RECANVIS                    </h2>
                <p></p>
        </div><div class="col-md-4 text-normal element-top-0 element-bottom-20 text-center os-animation" data-os-animation="fadeInUp" data-os-animation-delay="0.3s">
                        <span class="service-simple-image">
                                                            <img loading="lazy" decoding="async" width="250" height="250" src="https://www.industriasfeu.es/wp-content/uploads/2021/05/feu-experiencia.png" class="attachment-none-image size-none-image" alt="EXPERIÈNCIA" srcset="https://www.industriasfeu.es/wp-content/uploads/2021/05/feu-experiencia.png 250w, https://www.industriasfeu.es/wp-content/uploads/2021/05/feu-experiencia-150x150.png 150w" sizes="auto, (max-width: 250px) 100vw, 250px" />                                                </span>
                        <h2>
                        EXPERIÈNCIA                    </h2>
                <p></p>
        </div></div><p class="lead text-center center  text-normal element-top-0 element-bottom-30 os-animation " data-os-animation="fadeIn" data-os-animation-delay="0.2s">Som especialistes en la distribució d&#8217;accessoris per a la suspensió de vehicles industrials adaptables a: <strong> MERCEDES, VOLVO, MAN, SCANIA, BPW, ROR, DAF, IVECO, RVI, SCHMITZ, Fruehauf, Kogel, TRAILOR, LECIÑENA, SAF, Lecitrailer </strong></p><p class="lead text-center center  text-normal element-top-0 element-bottom-40 os-animation " data-os-animation="fadeIn" data-os-animation-delay="0.2s">Fabricació de recanvis per la suspensió de vehícles industrials. Abarcons,Abraçaderes,&#8230;</p></div>        </div>
    </div>
</section>
